{"id":71,"date":"2024-04-23T18:00:40","date_gmt":"2024-04-23T15:00:40","guid":{"rendered":"https:\/\/hesey.fi\/?page_id=71"},"modified":"2024-04-23T18:07:28","modified_gmt":"2024-04-23T15:07:28","slug":"nain-suojelemme","status":"publish","type":"page","link":"https:\/\/hesey.fi\/","title":{"rendered":"N\u00e4in suojelemme"},"content":{"rendered":"<figure id=\"attachment_62\" aria-describedby=\"caption-attachment-62\" style=\"width: 387px\" class=\"wp-caption alignnone\"><img loading=\"lazy\" decoding=\"async\" class=\" wp-image-62\" src=\"https:\/\/hesey.fi\/wp-content\/uploads\/2024\/04\/HESEY_ALFA_kollaasi-300x176.jpg\" alt=\"\" width=\"387\" height=\"257\" \/><figcaption id=\"caption-attachment-62\" class=\"wp-caption-text\">Autamme loukkaantuneita luonnonvaraisia el\u00e4imi\u00e4 antaen ensiapua ja kuljetamme ne jatkohoitoon. Teemme el\u00e4insuojeluty\u00f6t\u00e4 my\u00f6s loukuttamalla karanneita kissoja ja kaneja.<\/figcaption><\/figure>\n","protected":false},"excerpt":{"rendered":"","protected":false},"author":1,"featured_media":62,"parent":0,"menu_order":0,"comment_status":"closed","ping_status":"closed","template":"","meta":{"site-container-style":"default","site-container-layout":"default","site-sidebar-layout":"default","disable-article-header":"default","disable-site-header":"default","disable-site-footer":"default","disable-content-area-spacing":"default","footnotes":""},"class_list":["post-71","page","type-page","status-publish","has-post-thumbnail","hentry"],"_links":{"self":[{"href":"https:\/\/hesey.fi\/index.php\/wp-json\/wp\/v2\/pages\/71","targetHints":{"allow":["GET"]}}],"collection":[{"href":"https:\/\/hesey.fi\/index.php\/wp-json\/wp\/v2\/pages"}],"about":[{"href":"https:\/\/hesey.fi\/index.php\/wp-json\/wp\/v2\/types\/page"}],"author":[{"embeddable":true,"href":"https:\/\/hesey.fi\/index.php\/wp-json\/wp\/v2\/users\/1"}],"replies":[{"embeddable":true,"href":"https:\/\/hesey.fi\/index.php\/wp-json\/wp\/v2\/comments?post=71"}],"version-history":[{"count":2,"href":"https:\/\/hesey.fi\/index.php\/wp-json\/wp\/v2\/pages\/71\/revisions"}],"predecessor-version":[{"id":74,"href":"https:\/\/hesey.fi\/index.php\/wp-json\/wp\/v2\/pages\/71\/revisions\/74"}],"wp:featuredmedia":[{"embeddable":true,"href":"https:\/\/hesey.fi\/index.php\/wp-json\/wp\/v2\/media\/62"}],"wp:attachment":[{"href":"https:\/\/hesey.fi\/index.php\/wp-json\/wp\/v2\/media?parent=71"}],"curies":[{"name":"wp","href":"https:\/\/api.w.org\/{rel}","templated":true}]}}